{"id":9,"date":"2025-07-11T08:46:03","date_gmt":"2025-07-11T08:46:03","guid":{"rendered":"https:\/\/fondationgresigny.fr\/?page_id=9"},"modified":"2026-03-12T17:49:46","modified_gmt":"2026-03-12T17:49:46","slug":"accueil","status":"publish","type":"page","link":"https:\/\/fondationgresigny.fr\/","title":{"rendered":"LA FONDATION GR\u00c9SIGNY"},"content":{"rendered":"<p><img loading=\"lazy\" decoding=\"async\" class=\"aligncenter wp-image-14 \" src=\"http:\/\/fondationgresigny.fr\/wp-content\/uploads\/2025\/07\/fondation_Gresigny_logo.png\" alt=\"\" width=\"291\" height=\"220\" srcset=\"https:\/\/fondationgresigny.fr\/wp-content\/uploads\/2025\/07\/fondation_Gresigny_logo.png 1330w, https:\/\/fondationgresigny.fr\/wp-content\/uploads\/2025\/07\/fondation_Gresigny_logo-300x226.png 300w, https:\/\/fondationgresigny.fr\/wp-content\/uploads\/2025\/07\/fondation_Gresigny_logo-1024x773.png 1024w, https:\/\/fondationgresigny.fr\/wp-content\/uploads\/2025\/07\/fondation_Gresigny_logo-768x580.png 768w\" sizes=\"auto, (max-width: 291px) 100vw, 291px\" \/><\/p>\n<p>Cr\u00e9\u00e9e en 2009 par Jos\u00e9phine de Bodinat Moreno et Xavier Moreno, la fondation Gr\u00e9signy est une fondation familiale sous l&rsquo;\u00e9gide de la Fondation de France\u00a0ayant pour objet de <strong>\u00ab\u00a0financer tout projet philanthropique \u00e0 caract\u00e8re social, culturel et environnemental\u00a0\u00bb<\/strong>.<\/p>\n<p><img loading=\"lazy\" decoding=\"async\" class=\"alignnone wp-image-18 size-full\" src=\"https:\/\/fondationgresigny.fr\/wp-content\/uploads\/2025\/07\/gresigny_diapo.gif\" alt=\"\" width=\"1280\" height=\"500\" \/><\/p>\n<p><em>\u00ab\u00a0Le premier axe retenu pour s\u00e9lectionner des associations et des actions a \u00e9t\u00e9 celui de <strong>l&rsquo;acc\u00e8s \u00e0 l&rsquo;\u00e9ducation et \u00e0 la culture<\/strong> pour l&rsquo;enfance d\u00e9favoris\u00e9e en privil\u00e9giant des pays tr\u00e8s pauvres, l\u00e0 o\u00f9 les besoins sont les plus pressants. Sont venues s&rsquo;ajouter des actions plus sp\u00e9cifiques \u00e0 la demande des associations aid\u00e9es ou de fondations familiales amies .<\/em><\/p>\n<p><em>Plusieurs associations ont \u00e9t\u00e9 aid\u00e9es et accompagn\u00e9es par la fondation ces derni\u00e8res ann\u00e9es. Nous avons choisi des associations moyennes ou petites dont nous connaissions les dirigeants, souvent b\u00e9n\u00e9voles, leur implication et leur d\u00e9vouement, qui toutes illustrent l&rsquo;id\u00e9e de partage et d&rsquo;attention aux autres dans toutes les dimensions de la vie. <\/em><\/p>\n<p><em>Axe culturel de la Fondation, le <a href=\"http:\/\/www.prixcameraclara.com\">prix photo CAMERA CLARA<\/a> a vu le jour en 2012 et r\u00e9compense d\u00e9sormais chaque ann\u00e9e le travail photographique \u00e0 la chambre de photographes contemporains.<\/em><img loading=\"lazy\" decoding=\"async\" class=\"wp-image-20 size-full alignright\" src=\"http:\/\/fondationgresigny.fr\/wp-content\/uploads\/2025\/07\/signature_jdb.png\" alt=\"\" width=\"362\" height=\"89\" srcset=\"https:\/\/fondationgresigny.fr\/wp-content\/uploads\/2025\/07\/signature_jdb.png 362w, https:\/\/fondationgresigny.fr\/wp-content\/uploads\/2025\/07\/signature_jdb-300x74.png 300w\" sizes=\"auto, (max-width: 362px) 100vw, 362px\" \/><\/p>\n","protected":false},"excerpt":{"rendered":"<p>Cr\u00e9\u00e9e en 2009 par Jos\u00e9phine de Bodinat Moreno et Xavier Moreno, la fondation Gr\u00e9signy est&#8230;<\/p>\n<div class=\"more-link-wrapper\"><a class=\"more-link\" href=\"https:\/\/fondationgresigny.fr\/\">Lire l\u2019article&#8230;<span class=\"screen-reader-text\">LA FONDATION GR\u00c9SIGNY<\/span><\/a><\/div>\n","protected":false},"author":1,"featured_media":0,"parent":0,"menu_order":0,"comment_status":"closed","ping_status":"closed","template":"","meta":{"footnotes":""},"class_list":["post-9","page","type-page","status-publish","hentry","excerpt","zoom","full-without-featured","even","excerpt-0"],"_links":{"self":[{"href":"https:\/\/fondationgresigny.fr\/index.php\/wp-json\/wp\/v2\/pages\/9","targetHints":{"allow":["GET"]}}],"collection":[{"href":"https:\/\/fondationgresigny.fr\/index.php\/wp-json\/wp\/v2\/pages"}],"about":[{"href":"https:\/\/fondationgresigny.fr\/index.php\/wp-json\/wp\/v2\/types\/page"}],"author":[{"embeddable":true,"href":"https:\/\/fondationgresigny.fr\/index.php\/wp-json\/wp\/v2\/users\/1"}],"replies":[{"embeddable":true,"href":"https:\/\/fondationgresigny.fr\/index.php\/wp-json\/wp\/v2\/comments?post=9"}],"version-history":[{"count":15,"href":"https:\/\/fondationgresigny.fr\/index.php\/wp-json\/wp\/v2\/pages\/9\/revisions"}],"predecessor-version":[{"id":178,"href":"https:\/\/fondationgresigny.fr\/index.php\/wp-json\/wp\/v2\/pages\/9\/revisions\/178"}],"wp:attachment":[{"href":"https:\/\/fondationgresigny.fr\/index.php\/wp-json\/wp\/v2\/media?parent=9"}],"curies":[{"name":"wp","href":"https:\/\/api.w.org\/{rel}","templated":true}]}}